{"id":262,"date":"2025-02-05T16:07:56","date_gmt":"2025-02-05T15:07:56","guid":{"rendered":"https:\/\/logstudi-di-genere.unibs.it\/?page_id=262"},"modified":"2025-02-20T12:09:35","modified_gmt":"2025-02-20T11:09:35","slug":"contatti","status":"publish","type":"page","link":"https:\/\/logstudi-di-genere.unibs.it\/index.php\/contatti\/","title":{"rendered":"Contatti"},"content":{"rendered":"\t\t<div data-elementor-type=\"wp-page\" data-elementor-id=\"262\" class=\"elementor elementor-262\">\n\t\t\t\t<div class=\"elementor-element elementor-element-b09bda4 e-flex e-con-boxed e-con e-parent\" data-id=\"b09bda4\" data-element_type=\"container\">\n\t\t\t\t\t<div class=\"e-con-inner\">\n\t\t\t\t<div class=\"elementor-element elementor-element-0fa55a1 elementor-widget elementor-widget-image\" data-id=\"0fa55a1\" data-element_type=\"widget\" data-widget_type=\"image.default\">\n\t\t\t\t<div class=\"elementor-widget-container\">\n\t\t\t\t\t\t\t\t\t\t\t\t\t\t\t<img fetchpriority=\"high\" decoding=\"async\" width=\"768\" height=\"512\" src=\"https:\/\/logstudi-di-genere.unibs.it\/wp-content\/uploads\/2025\/02\/4feb92a93da79876ad1530e8da34bff4-768x512.jpeg\" class=\"attachment-medium_large size-medium_large wp-image-368\" alt=\"\" srcset=\"https:\/\/logstudi-di-genere.unibs.it\/wp-content\/uploads\/2025\/02\/4feb92a93da79876ad1530e8da34bff4-768x512.jpeg 768w, https:\/\/logstudi-di-genere.unibs.it\/wp-content\/uploads\/2025\/02\/4feb92a93da79876ad1530e8da34bff4-300x200.jpeg 300w, https:\/\/logstudi-di-genere.unibs.it\/wp-content\/uploads\/2025\/02\/4feb92a93da79876ad1530e8da34bff4-1024x682.jpeg 1024w, https:\/\/logstudi-di-genere.unibs.it\/wp-content\/uploads\/2025\/02\/4feb92a93da79876ad1530e8da34bff4-1536x1024.jpeg 1536w, https:\/\/logstudi-di-genere.unibs.it\/wp-content\/uploads\/2025\/02\/4feb92a93da79876ad1530e8da34bff4.jpeg 2000w\" sizes=\"(max-width: 768px) 100vw, 768px\" \/>\t\t\t\t\t\t\t\t\t\t\t\t\t\t\t<\/div>\n\t\t\t\t<\/div>\n\t\t\t\t<div class=\"elementor-element elementor-element-084fd4b elementor-widget-divider--view-line elementor-widget elementor-widget-divider\" data-id=\"084fd4b\" data-element_type=\"widget\" data-widget_type=\"divider.default\">\n\t\t\t\t<div class=\"elementor-widget-container\">\n\t\t\t\t\t\t\t<div class=\"elementor-divider\">\n\t\t\t<span class=\"elementor-divider-separator\">\n\t\t\t\t\t\t<\/span>\n\t\t<\/div>\n\t\t\t\t\t\t<\/div>\n\t\t\t\t<\/div>\n\t\t\t\t\t<\/div>\n\t\t\t\t<\/div>\n\t\t<div class=\"elementor-element elementor-element-e952eb8 e-flex e-con-boxed e-con e-parent\" data-id=\"e952eb8\" data-element_type=\"container\" data-settings=\"{&quot;background_background&quot;:&quot;classic&quot;}\">\n\t\t\t\t\t<div class=\"e-con-inner\">\n\t\t\t\t<div class=\"elementor-element elementor-element-8b116ad elementor-widget-divider--view-line elementor-widget elementor-widget-divider\" data-id=\"8b116ad\" data-element_type=\"widget\" data-widget_type=\"divider.default\">\n\t\t\t\t<div class=\"elementor-widget-container\">\n\t\t\t\t\t\t\t<div class=\"elementor-divider\">\n\t\t\t<span class=\"elementor-divider-separator\">\n\t\t\t\t\t\t<\/span>\n\t\t<\/div>\n\t\t\t\t\t\t<\/div>\n\t\t\t\t<\/div>\n\t\t\t\t<div class=\"elementor-element elementor-element-9df49d5 elementor-widget elementor-widget-heading\" data-id=\"9df49d5\" data-element_type=\"widget\" data-widget_type=\"heading.default\">\n\t\t\t\t<div class=\"elementor-widget-container\">\n\t\t\t\t\t<h2 class=\"elementor-heading-title elementor-size-default\"><b>Recapiti:<\/b><\/h2>\t\t\t\t<\/div>\n\t\t\t\t<\/div>\n\t\t<div class=\"elementor-element elementor-element-ed69c9e e-con-full e-flex e-con e-child\" data-id=\"ed69c9e\" data-element_type=\"container\">\n\t\t\t\t<div class=\"elementor-element elementor-element-ab4606e elementor-widget elementor-widget-google_maps\" data-id=\"ab4606e\" data-element_type=\"widget\" data-widget_type=\"google_maps.default\">\n\t\t\t\t<div class=\"elementor-widget-container\">\n\t\t\t\t\t\t\t<div class=\"elementor-custom-embed\">\n\t\t\t<iframe loading=\"lazy\"\n\t\t\t\t\tsrc=\"https:\/\/maps.google.com\/maps?q=Via%20San%20Faustino%2C%2041%20-%2025122%20Brescia&#038;t=m&#038;z=15&#038;output=embed&#038;iwloc=near\"\n\t\t\t\t\ttitle=\"Via San Faustino, 41 - 25122 Brescia\"\n\t\t\t\t\taria-label=\"Via San Faustino, 41 - 25122 Brescia\"\n\t\t\t><\/iframe>\n\t\t<\/div>\n\t\t\t\t\t\t<\/div>\n\t\t\t\t<\/div>\n\t\t\t\t<\/div>\n\t\t\t\t<div class=\"elementor-element elementor-element-6433744 elementor-widget elementor-widget-text-editor\" data-id=\"6433744\" data-element_type=\"widget\" data-widget_type=\"text-editor.default\">\n\t\t\t\t<div class=\"elementor-widget-container\">\n\t\t\t\t\t\t\t\t\t<p>Il Laboratorio e Osservatorio sugli Studi di Genere (<b>LOG)<\/b>, struttura di ateneo, \u00e8 fisicamente sito presso il Dipartimento di Giurisprudenza (<b>DiGi<\/b>) dell&#8217;Universit\u00e0 degli Studi di Brescia (<b>UniBs<\/b>).<\/p><p>Esso \u00e8 inoltre raggiungibile a mezzo posta elettronica all&#8217;indirizzo: <a href=\"mailto:log@unibs.it\"><i>log@unibs.it<\/i><\/a>.<\/p>\t\t\t\t\t\t\t\t<\/div>\n\t\t\t\t<\/div>\n\t\t\t\t\t<\/div>\n\t\t\t\t<\/div>\n\t\t\t\t<\/div>\n\t\t","protected":false},"excerpt":{"rendered":"<p>Recapiti: Il Laboratorio e Osservatorio sugli Studi di Genere (LOG), struttura di ateneo, \u00e8 fisicamente sito presso il Dipartimento di Giurisprudenza (DiGi) dell&#8217;Universit\u00e0 degli Studi di Brescia (UniBs). Esso \u00e8 inoltre raggiungibile a mezzo posta elettronica all&#8217;indirizzo: log@unibs.it.<\/p>\n","protected":false},"author":1,"featured_media":0,"parent":0,"menu_order":0,"comment_status":"closed","ping_status":"closed","template":"elementor_header_footer","meta":{"footnotes":""},"class_list":["post-262","page","type-page","status-publish","hentry"],"_links":{"self":[{"href":"https:\/\/logstudi-di-genere.unibs.it\/index.php\/wp-json\/wp\/v2\/pages\/262","targetHints":{"allow":["GET"]}}],"collection":[{"href":"https:\/\/logstudi-di-genere.unibs.it\/index.php\/wp-json\/wp\/v2\/pages"}],"about":[{"href":"https:\/\/logstudi-di-genere.unibs.it\/index.php\/wp-json\/wp\/v2\/types\/page"}],"author":[{"embeddable":true,"href":"https:\/\/logstudi-di-genere.unibs.it\/index.php\/wp-json\/wp\/v2\/users\/1"}],"replies":[{"embeddable":true,"href":"https:\/\/logstudi-di-genere.unibs.it\/index.php\/wp-json\/wp\/v2\/comments?post=262"}],"version-history":[{"count":13,"href":"https:\/\/logstudi-di-genere.unibs.it\/index.php\/wp-json\/wp\/v2\/pages\/262\/revisions"}],"predecessor-version":[{"id":432,"href":"https:\/\/logstudi-di-genere.unibs.it\/index.php\/wp-json\/wp\/v2\/pages\/262\/revisions\/432"}],"wp:attachment":[{"href":"https:\/\/logstudi-di-genere.unibs.it\/index.php\/wp-json\/wp\/v2\/media?parent=262"}],"curies":[{"name":"wp","href":"https:\/\/api.w.org\/{rel}","templated":true}]}}